12?
True
Is 11 a factor of 82?
False
Is 34901 a multiple of 87?
False
Does 80 divide 10716?
False
Is 65 a factor of 520?
True
Is 89 a factor of 4096?
False
Does 93 divide 36270?
True
Does 3 divide 149?
False
Does 11 divide 825?
True
Is 93665 a multiple of 18?
False
Is 132 a multiple of 12?
True
Does 8 divide 3728?
True
Is 12 a factor of 8688?
True
Is 6 a factor of 9493?
False
Is 89 a factor of 1316?
False
Is 919 a multiple of 97?
False
Is 265 a multiple of 2?
False
Is 50434 a multiple of 122?
False
Is 97438 a multiple of 26?
False
Is 132 a factor of 528?
True
Does 14 divide 11116?
True
Is 3906 a multiple of 18?
True
Does 20 divide 3160?
True
Is 3 a factor of 1953?
True
Is 36 a factor of 2448?
True
Is 11 a factor of 517?
True
Is 2 a factor of 308?
True
Does 11 divide 990?
True
Is 5 a factor of 4269?
False
Is 47 a factor of 1081?
True
Is 18 a factor of 88?
False
Does 54 divide 8748?
True
Is 1077 a multiple of 4?
False
Does 32 divide 2016?
True
Is 61 a factor of 22257?
False
Is 97 a multiple of 97?
True
Is 12473 a multiple of 83?
False
Is 2712 a multiple of 24?
True
Is 3 a factor of 75?
True
Does 16 divide 7127?
False
Does 81 divide 2511?
True
Is 12 a factor of 1068?
True
Is 577 a multiple of 5?
False
Is 40 a factor of 1150?
False
Is 462 a multiple of 32?
False
Is 80 a factor of 1840?
True
Is 5 a factor of 1236?
False
Is 2001 a multiple of 69?
True
Is 850 a multiple of 25?
True
Is 26 a factor of 1571?
False
Is 6 a factor of 25785?
False
Is 16 a factor of 5424?
True
Does 57 divide 7724?
False
Is 698 a multiple of 21?
False
Does 3 divide 210?
True
Is 9500 a multiple of 76?
True
Is 15729 a multiple of 107?
True
Is 8 a factor of 144?
True
Is 17 a factor of 7531?
True
Does 26 divide 7020?
True
Does 82 divide 1407?
False
Does 96 divide 68640?
True
Is 16 a factor of 701?
False
Does 2 divide 84?
True
Is 5313 a multiple of 33?
True
Is 10355 a multiple of 5?
True
Is 12 a factor of 2088?
True
Is 72 a multiple of 6?
True
Does 5 divide 488?
False
Is 638 a multiple of 22?
True
Is 171 a factor of 9500?
False
Does 16 divide 29456?
True
Is 588 a multiple of 31?
False
Is 23 a factor of 2691?
True
Is 20 a factor of 66291?
False
Is 18 even?
True
Is 59971 a multiple of 39?
False
Does 73 divide 8249?
True
Is 5 a factor of 771?
False
Does 92 divide 23350?
False
Is 30464 a multiple of 32?
True
Does 67 divide 9112?
True
Is 67 even?
False
Is 7 a factor of 300?
False
Does 16 divide 102986?
False
Does 70 divide 1540?
True
Is 312 a multiple of 11?
False
Is 272 a factor of 15776?
True
Does 7 divide 1232?
True
Does 3 divide 573?
True
Does 18 divide 216?
True
Is 10166 a multiple of 13?
True
Is 13 a factor of 923?
True
Does 65 divide 5265?
True
Does 25 divide 2550?
True
Is 16 a factor of 113?
False
Does 210 divide 6300?
True
Does 71 divide 923?
True
Does 2 divide 1080?
True
Is 20292 a multiple of 76?
True
Does 72 divide 792?
True
Does 213 divide 10011?
True
Is 13695 a multiple of 83?
True
Is 17446 a multiple of 25?
False
Is 1728 a multiple of 12?
True
Does 41 divide 82?
True
Does 27 divide 1512?
True
Is 65 a factor of 22303?
False
Is 3750 a multiple of 30?
True
Is 2637 a multiple of 4?
False
Is 7 a factor of 295?
False
Is 21 a factor of 108519?
False
Is 5516 a multiple of 4?
True
Does 12 divide 46578?
False
Is 5673 a multiple of 61?
True
Is 462 a multiple of 7?
True
Is 37 a multiple of 2?
False
Does 78 divide 2814?
False
Is 672 a multiple of 28?
True
Does 16 divide 1270?
False
Does 88 divide 781?
False
Does 15 divide 52185?
True
Is 5 a factor of 660?
True
Does 24 divide 8102?
False
Is 9 a factor of 29601?
True
Is 3455 a multiple of 28?
False
Is 8 a multiple of 4?
True
Is 15635 a multiple of 53?
True
Is 56 a factor of 16982?
False
Is 109 a factor of 7957?
True
Is 10 a factor of 6090?
True
Is 30 a factor of 90?
True
Is 3775 a multiple of 151?
True
Is 54 a factor of 48679?
False
Is 44 a factor of 6072?
True
Does 77 divide 3003?
True
Is 3477 a multiple of 11?
False
Does 2 divide 783?
False
Does 80 divide 1046?
False
Is 17329 a multiple of 13?
True
Is 34566 a multiple of 25?
False
Does 23 divide 19477?
False
Does 37 divide 6068?
True
Does 24 divide 1292?
False
Is 9492 a multiple of 12?
True
Is 1809 a multiple of 9?
True
Does 4 divide 268?
True
Is 61 a factor of 25916?
False
Does 103 divide 721?
True
Is 5148 a multiple of 66?
True
Is 15 a factor of 11820?
True
Is 42 a factor of 242?
False
Does 15 divide 2758?
False
Is 14 a factor of 322?
True
Does 53 divide 6762?
False
Does 72 divide 10468?
False
Is 479 a multiple of 34?
False
Does 15 divide 14087?
False
Is 67 a factor of 804?
True
Is 13 a factor of 360?
False
Is 27 a factor of 38637?
True
Is 71 a factor of 8058?
False
Is 1050 a multiple of 42?
True
Is 3 a factor of 571?
False
Is 1472 a multiple of 7?
False
Does 13 divide 931?
False
Does 7 divide 132?
False
Is 2834 a multiple of 11?
False
Does 11 divide 1760?
True
Does 38 divide 1520?
True
Does 12 divide 3336?
True
Is 66 a factor of 43877?
False
Is 108 a factor of 3672?
True
Is 39 a factor of 273?
True
Is 4 a factor of 3657?
False
Is 1763 a multiple of 41?
True
Is 938 a multiple of 14?
True
Is 3171 a multiple of 83?
False
Is 184 a factor of 3680?
True
Is 1196 a multiple of 23?
True
Is 398 a multiple of 108?
False
Does 3 divide 211?
False
Does 8 divide 39992?
True
Does 7 divide 2803?
False
Does 28 divide 2324?
True
Is 19332 a multiple of 18?
True
Is 26 a factor of 5902?
True
Is 459 a multiple of 31?
False
Is 64774 a multiple of 240?
False
Is 590 a multiple of 86?
False
Is 7827 even?
False
Does 8 divide 65436?
False
Is 8 a factor of 56?
True
Is 1484 a multiple of 17?
False
Is 1186 a multiple of 12?
False
Is 7 a factor of 122?
False
Is 4267 a multiple of 15?
False
Does 13 divide 302?
False
Is 19 a factor of 114?
True
Is 742 a multiple of 53?
True
Is 69 a factor of 12489?
True
Is 1094 a multiple of 21?
False
Is 30769 a multiple of 28?
False
Does 20 divide 1080?
True
Is 20 a factor of 1257?
False
Is 2814 a multiple of 21?
True
Is 3958 a multiple of 28?
False
Is 470 a multiple of 79?
False
Is 2460 a multiple of 41?
True
Is 32 a factor of 14183?
False
Does 12 divide 468?
True
Is 24 a multiple of 4?
True
Does 267 divide 61143?
True
Is 11070 a multiple of 30?
True
Is 20 a factor of 240?
True
Is 1440 a multiple of 48?
True
Is 384 a multiple of 12?
True
Is 68875 a multiple of 125?
True
Is 915 a multiple of 19?
False
Is 24 a factor of 14568?
True
Is 7560 a multiple of 100?
False
Does 43 divide 144?
False
Is 896 a multiple of 28?
True
Is 20 a factor of 586?
False
Is 8 a multiple of 4?
True
Is 166 a factor of 22774?
False
Is 43 a factor of 516?
True
Does 25 divide 125?
True
Is 65208 a multiple of 19?
True
Is 32486 a multiple of 66?
False
Is 908 a multiple of 44?
False
Does 16 divide 128?
True
Is 1664 a multiple of 104?
True
Does 5 divide 467?
False
Does 10 divide 15059?
False
Is 146 a multiple of 73?
True
Does 54 divide 1102?
False
Is 897 a multiple of 39?
True
Is 13530 a multiple of 246?
True
Does 24 divide 3048?
True
Does 22 divide 2752?
False
Does 13 divide 27394?
False
Does 15 divide 5189?
False
Does 20 divide 135244?
False
Does 17 divide 16371?
True
Is 9 a factor of 1836?
True
Is 93 a factor of 6603?
True
Is 21 a factor of 12596?
False
Is 49 a factor of 742?
False
Is 373 a multiple of 12?
False
Is 2686 a multiple of 34?
True
Is 21030 a multiple of 52?
False
Is 418 a multiple of 16?
False
Is 11917 a multiple of 35?
False
Is 11 a factor of 47477?
False
Is 290 a multiple of 4?
False
Does 115 divide 6851?
False
Is 126 even?
True
Does 68 divide 736?
False
Does 207 divide 11385?
True
Is 1089 a multiple of 9?
True
Is 8823 a multiple of 27?
False
Is 102 a factor of 961?
False
Does 14 divide 22848?
True
Is 96096 a multiple of 352?
True
Is 798 a multiple of 108?
False
Is 49570 a multiple of 10?
True
Is 15 a factor of 630?
True
Does 199 divide 30845?
True
Is 113 a factor of 5085?
True
Is 19006 a multiple of 194?
False
Is 22 a factor of 23608?
False
Does 39 divide 27413?
False
Is 23627 a multiple of 80?
False
Is 224 a multiple of 7?
True
Does 44 divide 1835?
False
Is 4656 a multiple of 48?
True
Is 4347 a multiple of 22?
False
Is 32 a factor of 9280?
True
Is 629 a multiple of 17?
True
Does 34 divide 27846?
True
Is 416 a factor of 121472?
True
Is 5457 a multiple of 107?
True
Does 19 divide 748?
False
I